5.
-7
What is -3e (base 15) in base 4?
-323
What is -3 (base 15) in base 8?
-3
-1 (base 4) to base 5
-1
Convert -11010 (base 3) to base 14.
-7d
What is -12 (base 8) in base 9?
-11
What is -c (base 15) in base 13?
-c
Convert -6 (base 10) to base 11.
-6
-1b (base 16) to base 7
-36
1 (base 11) to base 13
1
Convert 36 (base 9) to base 8.
41
b (base 16) to base 9
12
Convert -22 (base 6) to base 15.
-e
What is -1001 (base 4) in base 14?
-49
63 (base 11) to base 6
153
What is 1 (base 13) in base 4?
1
Convert -10 (base 4) to base 16.
-4
Convert -1101000 (base 2) to base 3.
-10212
Convert 9 (base 16) to base 6.
13
Convert -7 (base 13) to base 2.
-111
33 (base 16) to base 6
123
-11 (base 8) to base 15
-9
Convert -2 (base 15) to base 11.
-2
What is -241 (base 5) in base 6?
-155
Convert 124 (base 5) to base 10.
39
What is -5 (base 16) in base 6?
-5
10 (base 5) to base 4
11
Convert -106 (base 7) to base 14.
-3d
What is 56 (base 7) in base 2?
101001
What is 10 (base 10) in base 9?
11
Convert 11 (base 2) to base 9.
3
What is 193 (base 10) in base 3?
21011
What is 7 (base 14) in base 3?
21
10 (base 4) to base 13
4
2 (base 6) to base 16
2
What is 7 (base 9) in base 7?
10
-19 (base 10) to base 3
-201
What is 0 (base 7) in base 15?
0
-10 (base 6) to base 13
-6
What is 5 (base 6) in base 7?
5
What is 14 (base 5) in base 13?
9
Convert 234 (base 11) to base 4.
10113
Convert -24 (base 6) to base 5.
-31
Convert 43 (base 9) to base 10.
39
-1 (base 16) to base 10
-1
-4 (base 9) to base 12
-4
What is 545 (base 6) in base 14?
10d
Convert -99 (base 10) to base 4.
-1203
What is -7 (base 14) in base 2?
-111
Convert -6 (base 8) to base 3.
-20
What is -6 (base 15) in base 8?
-6
What is 2 (base 14) in base 9?
2
1 (base 14) to base 11
1
-3 (base 14) to base 3
-10
Convert 4 (base 14) to base 16.
4
16 (base 13) to base 2
10011
-4 (base 8) to base 4
-10
What is 33 (base 4) in base 16?
f
What is -3 (base 9) in base 8?
-3
40 (base 7) to base 2
11100
-12 (base 5) to base 10
-7
Convert 1112 (base 4) to base 14.
62
1000 (base 5) to base 3
11122
Convert -10 (base 13) to base 2.
-1101
0 (base 14) to base 3
0
-4 (base 9) to base 3
-11
What is -13 (base 6) in base 9?
-10
-100000 (base 2) to base 11
-2a
Convert 11 (base 14) to base 8.
17
Convert 0 (base 3) to base 5.
0
Convert 1 (base 3) to base 16.
1
What is -2 (base 8) in base 13?
-2
Convert -33 (base 16) to base 4.
-303
Convert -3 (base 4) to base 14.
-3
What is 0 (base 16) in base 2?
0
Convert -11000 (base 2) to base 10.
-24
1030 (base 6) to base 9
280
What is 1 (base 8) in base 11?
1
What is -1 (base 4) in base 12?
-1
Convert -5 (base 13) to base 5.
-10
What is -521 (base 6) in base 16?
-c1
3 (base 15) to base 2
11
What is 1 (base 11) in base 7?
1
Convert 14 (base 9) to base 16.
d
Convert 0 (base 15) to base 14.
0
Convert -1 (base 6) to base 10.
-1
Convert 1340 (base 5) to base 8.
334
-2 (base 12) to base 10
-2
What is 2 (base 9) in base 15?
2
Convert 102 (base 10) to base 5.
402
What is 7 (base 8) in base 11?
7
-190 (base 14) to base 11
-273
-121 (base 7) to base 3
-2101
Convert -110 (base 3) to base 16.
-c
What is 1211 (base 4) in base 15?
6b
Convert 25 (base 12) to base 15.
1e
0 (base 4) to base 8
0
What is 24 (base 5) in base 2?
1110
Convert 1 (base 3) to base 12.
1
Convert 9 (base 16) to base 9.
10
Convert 4 (base 5) to base 6.
4
Convert a7 (base 16) to base 11.
142
-2 (base 3) to base 8
-2
11 (base 9) to base 14
a
What is 0 (base 16) in base 5?
0
Convert -2 (base 5) to base 7.
-2
4 (base 9) to base 3
11
Convert 5 (base 7) to base 13.
5
Convert 39 (base 14) to base 7.
102
Convert -2 (base 9) to base 10.
-2
61 (base 10) to base 5
221
Convert 1100 (base 2) to base 10.
12
Convert 0 (base 11) to base 3.
0
Convert -1220 (base 3) to base 7.
-102
31 (base 8) to base 7
34
21 (base 3) to base 11
7
-3 (base 13) to base 2
-11
Convert -6 (base 7) to base 4.
-12
Convert 24 (base 5) to base 4.
32
Convert 43 (base 15) to base 13.
4b
-2 (base 3) to base 12
-2
What is 4 (base 7) in base 14?
4
What is -1 (base 2) in base 16?
-1
What is -1 (base 14) in base 12?
-1
Convert 350 (base 6) to base 2.
10001010
What is -17 (base 12) in base 6?
-31
Convert 221 (base 3) to base 10.
25
Convert 5 (base 7) to base 14.
5
Convert -37 (base 8) to base 10.
-31
What is -3 (base 14) in base 16?
-3
What is -103 (base 5) in base 2?
-11100
What is -50 (base 8) in base 15?
-2a
What is 14 (base 14) in base 10?
18
What is -3 (base 4) in base 9?
-3
-4 (base 6) to base 3
-11
What is 0 (base 4) in base 2?
0
What is -1 (base 3) in base 2?
-1
22 (base 5) to base 3
110
35 (base 8) to base 14
21
Convert 4 (base 16) to base 11.
4
Convert 86 (base 9) to base 2.
1001110
What is -10 (base 3) in base 14?
-3
Convert 2 (base 5) to base 10.
2
3313 (base 4) to base 11
205
-100 (base 2) to base 10
-4
What is 0 (base 3) in base 4?
0
-4 (base 15) to base 16
-4
-2 (base 13) to base 16
-2
What is 0 (base 10) in base 3?
0
10 (base 4) to base 10
4
What is -10 (base 3) in base 4?
-3
d (base 16) to base 3
111
What is 1 (base 2) in base 12?
1
4 (base 14) to base 12
4
What is 0 (base 12) in base 3?
0
Convert -3 (base 14) to base 15.
-3
Convert -5 (base 14) to base 4.
-11
-23 (base 7) to base 13
-14
Convert -13e (base 15) to base 11.
-239
Convert -3 (base 14) to base 16.
-3
-75 (base 8) to base 2
-111101
What is -13 (base 15) in base 12?
-16
Convert -5 (base 9) to base 11.
-5
-2 (base 5) to base 15
-2
Convert -2 (base 16) to base 12.
-2
Convert -11 (base 5) to base 2.
-110
What is 262 (base 9) in base 13?
13a
-124 (base 5) to base 16
-27
What is 0 (base 4) in base 16?
0
Convert 20 (base 11) to base 8.
26
What is 3 (base 13) in base 4?
3
What is 101 (base 5) in base 3?
222
Convert -e (base 15) to base 16.
-e
What is 71 (base 14) in base 11?
90
Convert -4 (base 13) to base 3.
-11
-60 (base 13) to base 10
-78
What is -1002 (base 3) in base 15?
-1e
Convert -3 (base 9) to base 13.
-3
What is a (base 13) in base 8?
12
Convert -23 (base 6) to base 10.
-15
12 (base 3) to base 6
5
What is 11 (base 2) in base 16?
3
Convert 16 (base 15) to base 10.
21
Convert 7b (base 13) to base 3.
10210
What is 4 (base 12) in base 4?
10
Convert -75 (base 11) to base 8.
-122
-55 (base 14) to base 10
-75
Convert 1 (base 12) to base 14.
1
Convert -37 (base 15) to base 14.
-3a
-122 (base 4) to base 14
-1c
-34 (base 5) to base 2
-10011
Convert -2 (base 3) to base 2.
-10
-20 (base 3) to base 6
-10
100 (base 4) to base 3
121
What is 28 (base 12) in base 5?
112
-5 (base 8) to base 2
-101
Convert -5d (base 15) to base 16.
-58
1032 (base 4) to base 5
303
Convert -1002 (base 4) to base 16.
-42
What is 1 (base 15) in base 11?
1
Convert -53 (base 9) to base 15.
-33
What is 12 (base 4) in base 6?
10
What is 5 (base 16) in base 13?
5
0 (base 2) to base 15
0
What is -1100111 (base 2) in base 12?
-87
Convert -c (base 15) to base 13.
-c
Convert -1 (base 16) to base 6.
-1
Convert -a (base 14) to base 6.
-14
Convert -98 (base 10) to base 15.
-68
What is -203 (base 5) in base 14?
-3b
Convert -1 (base 12) to base 14.
-1
-11211 (base 3) to base 5
-1010
-5 (base 15) to base 4
-11
-3 (base 12) to base 7
-3
Convert 1 (base 10) to base 6.
1
Convert -2 (base 13) to base 8.
-2
What is -185 (base 10) in base 15?
-c5
Convert -152 (base 7) to base 5.
-321
What is -67 (base 9) in base 7?
-115
What is 5 (base 7) in base 4?
11
-101 (base 2) to base 15
-5
Convert -12010 (base 3) to base 2.
-10001010
30 (base 14) to base 2
101010
-1 (base 13) to base 15
-1
Convert -222 (base 7) to base 14.
-82
3 (base 8) to base 10
3
What is -230 (base 7) in base 13?
-92
Convert 210 (base 5) to base 12.
47
-100 (base 3) to base 10
-9
What is 10 (base 3) in base 12?
3
-2 (base 4) to base 13
-2
What is -1422 (base 5) in base 2?
-11101101
-11 (base 2) to base 7
-3
What is 10 (base 4) in base 10?
4
What is 0 (base 2) in base 12?
0
Convert 110101 (base 2) to base 16.
35
Convert 231 (base 7) to base 5.
440
Convert -232 (base 7) to base 5.
-441
20 (base 6) to base 11
11
What is -113 (base 4) in base 16?
-17
What is 4 (base 14) in base 15?
4
Convert -2 (base 8) to base 6.
-2
-77 (base 9) to base 13
-55
Convert 46 (base 11) to base 5.
200
Convert -6 (base 11) to base 8.
-6
What is -53 (base 8) in base 12?
-37
What is 1 (base 3) in base 8?
1
What is -38 (base 11) in base 14?
-2d
-423